{"version":"1.0","provider_name":"DITRICH MONRO","provider_url":"https:\/\/ditrichmonro.cafeblog.hu","author_name":"Ditrich Monro","author_url":"https:\/\/ditrichmonro.cafeblog.hu\/author\/ditrich_monro\/","title":"Visszat\u00e9rt\u00fcnk. Hurr\u00e1!","html":"<span style=\"font-family:'Helvetica Neue', Arial, Helvetica, sans-serif\">Kicsit t\u00fal hossz\u00fa volt a sz\u00fcnet, de m\u00e9g a d\u00edv\u00e1k \u00e9let\u00e9ben is vannak kih\u00edv\u00e1sok.\u00a0<\/span><br \/><span style=\"font-family:Helvetica Neue, Arial, Helvetica, sans-serif\"><br \/><\/span><span style=\"font-family:'Helvetica Neue', Arial, Helvetica, sans-serif\">Ditrich leszokott a nyugtat\u00f3kr\u00f3l, ism\u00e9t tud aludni gy\u00f3gyszerek n\u00e9lk\u00fcl, m\u00e1r nem k\u00f6vetik a paparazz\u00f3k.<\/span><br \/><span style=\"font-family:'Helvetica Neue', Arial, Helvetica, sans-serif\"><br \/><\/span><span style=\"font-family:'Helvetica Neue', Arial, Helvetica, sans-serif\">Monro fel\u00e9p\u00fclt a plasztikai m\u0171t\u00e9t ut\u00e1n, m\u00e1r nem l\u00e1tszanak a hegek, ism\u00e9t ki mer menni az utc\u00e1ra.\u00a0<\/span><br \/><span style=\"font-family:Helvetica Neue, Arial, Helvetica, sans-serif\"><br \/><\/span><span style=\"font-family:Helvetica Neue, Arial, Helvetica, sans-serif\">Visszat\u00e9rt\u00fcnk \u00e9s \u00fajra felkavarjuk az \u00e1ll\u00f3vizet.\u00a0<\/span>","type":"rich"}

Visszatértünk. Hurrá!

<span style="font-family:'Helvetica Neue', Arial, Helvetica, sans-serif">Kicsit túl hosszú volt a szünet, de még a dívák életében is vannak kihívások. </span><br /><span style="font-family:Helvetica Neue, Arial, Helvetica, sans-serif"><br /></span><span style="font-family:'Helvetica Neue', Arial, Helvetica, sans-serif">Ditrich leszokott a nyugtatókról, ismét tud aludni gyógyszerek nélkül, már nem követik a paparazzók.</span><br /><span style="font-family:'Helvetica Neue', Arial, Helvetica, sans-serif"><br /></span><span style="font-family:'Helvetica Neue', Arial, Helvetica, sans-serif">Monro felépült a plasztikai műtét után, már nem látszanak a hegek, ismét ki mer menni az utcára. </span><br /><span style="font-family:Helvetica Neue, Arial, Helvetica, sans-serif"><br /></span><span style="font-family:Helvetica Neue, Arial, Helvetica, sans-serif">Visszatértünk és újra felkavarjuk az állóvizet. </span>
